2 + 2*z. Let w(x) be the first derivative of s(x). What is w(3)?
-3
Let d be (4/5)/((-16)/(-40)). Suppose 0 = -5*v - 0*v + 15. Suppose v*u - d*u - 1 = 0. Let m(c) = 12*c**2 - 1. Determine m(u).
11
Let b(y) = 6 + 0 + 10*y - 14*y - 4. Give b(-2).
10
Let s be -2 - -2*(-20)/(-8). Let x(m) = 6*m + 5*m**2 - 4*m + 7 + 5*m - s + m**3. Give x(-4).
-8
Suppose 2*f + 8 + 0 = 0. Let l(w) be the first derivative of w**5/60 + 5*w**4/24 - w**3/3 - 1. Let b(s) be the third derivative of l(s). What is b(f)?
-3
Let p(i) = 8*i**2 - 1. Let h(g) = g**2 + 7*g - 1. Let k be h(-7). Give p(k).
7
Let a(b) = -2*b**2 + 9*b + 1. Let l(n) = -n**2 - 1. Let q(k) = -a(k) + l(k). Calculate q(9).
-2
Let o = -15 - -18. Let m(q) = -q**3 - 3*q**2 - 3*q - 1. Let i be m(-2). Let k = o - i. Let c(p) = 2*p**2 + p. What is c(k)?
10
Let y(p) be the first derivative of 5*p**2/2 - p - 1. Let o be ((-4)/(-6))/((-8)/(-24)). Give y(o).
9
Let y be 2/(-9) + (-87)/(-27). Let w(h) = -h**3 + 4*h**2 - 3*h. Give w(y).
0
Let r(u) = u**3 - 8*u**2 - 3*u + 8. Let o(x) = x**3 - x**2 + x + 1. Let j(s) = 2*o(s) - r(s). Calculate j(-5).
-6
Let s(q) = 6*q - 1. Suppose -i + 0*i + 4*c = 4, 2*i + 2*c = 2. Suppose -3 = 3*x - 5*w, 5 = -5*x + 3*w - i*w. What is s(x)?
-7
Let b be (-6)/4*12/(-9). Suppose -m + 18 = 3*v + 2*v, 0 = 5*v - 3*m - 6. Let z(a) = a**3 + 2*a**3 + 1 - a**2 + 3*a**b - 2*a**v + a. What is z(-2)?
-1
Let j(i) = 3*i - i - 8*i**3 - 1 - i**3. Suppose 16*v - 20*v + 7 = -5*g, 6 = -3*g + 3*v. Give j(g).
-8
Let o be (-1 - (-1)/1) + -6. Let n(r) = r**2 + 5*r - 5. Let q(i) = -1. Let g(k) = -n(k) + 3*q(k). Give g(o).
-4
Let t(x) = 2*x - 1. Let v(q) = -2*q + 2. Let u(j) = -3*t(j) - 2*v(j). Let b(k) = -k**3 - 2*k**2 + 2*k - 1. Let m be b(-3). Determine u(m).
-5
Let r = -4 - -6. Let x(a) = -3*a**2 + 5*a**2 + a + a**2 + 2*a**3 + r - 3*a**3. What is x(3)?
5
Suppose 0 = p + 6. Let f(v) = v**3 + 3 + 139*v**2 - 133*v**2 + 2*v + 4. Calculate f(p).
-5
Suppose -4*o - 7 = -3*i, -3*i + 0*i = -3*o - 3. Let h(j) = -j**2 - 6*j - 4. Give h(o).
4
Let o(l) = l. Let j(m) = -8*m. Suppose 6*k + 17 = 3*r + k, 4*r = k. Let g be ((-2)/(-2))/(r/2). Let i(c) = g*j(c) - 18*o(c). What is i(-1)?
2
Let f(a) = a + 8. Let u(k) = -k + 1. Let b(g) = f(g) + 2*u(g). Let y be b(10). Let h(w) = -7 - w**3 + 2*w + y + 2 - w**2 + 5*w**2. Calculate h(4).
3
Let y(z) = -z + 1. Let n = 7 + -2. Suppose -n*o - 8 = -u, -4*u - 16 = u + 3*o. What is y(u)?
3
Let z(k) be the third derivative of -k**5/60 + 7*k**4/24 - 4*k**3/3 - 2*k**2. Suppose 5*o - 3*o = 14. Let r = o + -1. Calculate z(r).
-2
Let x(j) = 9*j + j**3 + 4*j + 6*j**2 + 7 - 3*j + 2*j**2. Calculate x(-7).
-14
Let m = 9 + -7. Let t(h) = h**2 - 4*h**m + 2*h**2 + h + 1. Determine t(0).
1
Let v(t) = 3*t + 11. Let l(r) be the third derivative of -r**4/6 - 8*r**3/3 - 4*r**2. Let d(c) = 5*l(c) + 7*v(c). Calculate d(2).
-1
Let y = 11 - 6. Let k(w) = 9*w - 17. Let a(r) = -5*r + 9. Let i(v) = 7*a(v) + 4*k(v). What is i(y)?
0
Let f(x) be the second derivative of x**6/720 - x**4/6 + x. Let s(m) be the third derivative of f(m). Let k = 7 + -4. Give s(k).
3
Let h(k) = k - 1. Let v be h(2). Let y(c) = c - 4*c**2 + 5*c**2 - 3*c. Calculate y(v).
-1
Let v(z) = z**2 - 5*z + 5. Suppose d + 3*o + 11 = 0, -o + 17 = -2*d - 6*o. Suppose d*r + 6 = 7*r. Let k be 2 + 5 + r/(-1). Determine v(k).
5
Let s(y) = 2*y - y + 0*y - 5*y. Let b be s(1). Let o(a) = 0*a + a**3 + 2*a**2 + 4*a + 3*a**2. Calculate o(b).
0
Let i(k) = 8*k**2 + 1 + 8*k - 3*k - 2*k - 5*k. Calculate i(1).
7
Suppose 5*x = -5*q + 25, 0 = -q + 4*x - 3*x - 3. Let v(u) be the second derivative of 5*u**4/12 - u**3/6 + u**2/2 + 5*u. Give v(q).
5
Suppose 5*j = 4*q - 5 - 3, 0 = 3*q - 6. Suppose j*h = -h + 2. Let f(o) = o**2 - 2*o - 1. Give f(h).
-1
Suppose 2*s = 4*d - 10, 3*s - 2*s + 2 = -d. Let a(b) = -b**3. Let r(q) = q**3 - q**2 - q + 1. Let o(h) = -2*a(h) + r(h). Give o(d).
2
Let q(y) = y**3 + 5*y**2 + 4*y + 3. Let m(n) = -5*n + 26. Let u be m(6). What is q(u)?
3
Suppose -2*f = 5*t - 12, 1 + 5 = 2*t + 2*f. Let z be t/(-6) + 76/12. Let y(n) = -n + 4. Let k be y(z). Let g(c) = -2*c**3 - 3*c**2. Calculate g(k).
4
Let u(x) = 2*x - 5. Let v(w) = -w + 5. Let q(y) = -2*u(y) - 3*v(y). Determine q(-8).
3
Let c(j) be the third derivative of -j**5/60 + 5*j**4/24 - 2*j**3/3 + 8*j**2. Determine c(5).
-4
Suppose v = -3*v + 12, -4*j = -5*v - 5. Let k(x) be the second derivative of -x**3/3 + 7*x**2/2 - x. Determine k(j).
-3
Let x(n) = 1 + 7 - 6 + n + 3*n**2 + 0*n. What is x(-2)?
12
Let r be (2 - 2) + 0 - 1. Let o(v) = -7*v**3 - v**2 - v - 1. Give o(r).
6
Let x be 39/(-6) + (-2)/4. Let r(z) = z**3 + 7*z**2 + 3*z + 7. Calculate r(x).
-14
Let q(z) = -11*z**2 + 6*z - 4. Let w(r) = r**2 - r + 1. Let o(h) = q(h) + 5*w(h). Let x(s) = 2*s**3 + 2*s**2 + 2*s + 1. Let i be x(-1). What is o(i)?
-6
Let z = -2 - -5. Suppose 4*k - 9 = -0*w - w, k + 5*w + 12 = 0. Let p(q) = -k - q - q**3 + q**2 + 1 + 2*q**2. Calculate p(z).
-5
Suppose -17 = 4*y + 3. Let b = 3 + y. Let j(a) = 2*a**2 + a + 1. Calculate j(b).
7
Suppose s = 3*s - 6. Suppose -3*l + 0*l + 9 = 0, 4*o = 5*l + 5. Let a(t) = 1 - 4*t - t + s*t + o*t**2. What is a(1)?
4
Let y(h) = -3*h**2 - 3*h + 2. Let l be y(1). Let w(v) be the first derivative of -2*v**2 + 0*v**2 + 2*v + 3*v**2 + 1. What is w(l)?
-6
Let b(k) = 1 + 4*k + 4*k**3 + 0*k**3 + 0*k**3 - 5*k**3 - 2*k**2. Let g(v) = -4*v + 1. Let n be g(1). Give b(n).
-2
Let v(c) be the first derivative of c**2/2 + 10*c + 1. Determine v(0).
10
Let c(h) = -h**2 + 4*h - 4. Let d be ((-24)/18)/(2/(-3)). Suppose -d*q - 2 = -3*q. Suppose 3*k - 10 = q. Determine c(k).
-4
Suppose -5*o - 3*i - 1 + 7 = 0, 4*o + 10 = 5*i. Suppose 4*q - 2*q = o. Let p(t) = -t**2 + t - 5. Calculate p(q).
-5
Suppose 3 = -5*p - 12. Let i be (-8*1 - p)*1. Let w(g) = g + 5. Calculate w(i).
0
Suppose 0 = -5*d + 2*d. Let b(w) = -w + 3. Determine b(d).
3
Let q(m) = -m**2. Let n(s) = 3*s**2 - 3*s - 3. Let k(g) = n(g) + 2*q(g). Let p = 6 + -2. What is k(p)?
1
Let i(y) = -4*y - 8. Let m(o) = 11*o + 23. Let b(c) = 8*i(c) + 3*m(c). Determine b(-3).
2
Let a(z) = 2*z + 4*z**2 + 5*z**3 + 2 - 4*z**3 + 0*z**3 + 0*z**2. Let b = 0 + -3. Give a(b).
5
Let h(n) = 5*n - 3. Let g(j) = -11*j + 6. Let o(u) = 4*u + 4. Let k be o(4). Let t = 7 - k. Let v(d) = t*h(d) - 6*g(d). Determine v(-4).
-1
Let r(s) = 7*s**2 - 17*s + 19. Let v = 2 - -3. Let x = -2 - -5. Let h(q) = -4*q**2 + 9*q - 10. Let p(j) = v*h(j) + x*r(j). Determine p(5).
2
Let t(s) be the first derivative of s**5/20 - s**3/3 - s**2/2 - 9*s + 2. Let u(n) be the first derivative of t(n). What is u(2)?
3
Suppose 0 = -2*g - 10, -2*h + 3*g + 17 + 2 = 0. Let p = 0 + h. Let x(s) = -s + 0*s - p + 0*s. Determine x(-5).
3
Let c(p) = -p**3 - 4*p**2 - 5*p - 1. Let v(n) = n + 1. Let d(q) = -c(q) - 5*v(q). What is d(-4)?
-4
Suppose 3*m - 13 = 5. Let y(a) = -a**2 + 7*a. Let v be y(m). Let k(f) = -f**3 + 7*f**2 - 6*f + 6. Calculate k(v).
6
Let y(i) = -4 + 4 - 13*i + 9*i + 1. Suppose -2 + 4 = -h. Determine y(h).
9
Let n(v) be the first derivative of -v**4/24 - v**3/6 - 2*v**2 + 1. Let g(b) be the second derivative of n(b). Calculate g(-2).
1
Let q(v) = 5*v + 1. Let k be q(1). Let z(t) be the second derivative of -t**4/12 + t**3 + t**2/2 - 4*t. What is z(k)?
1
Let g(m) = -3*m**2 - 17*m + 14. Let r(n) = 2*n**2 + 11*n - 9. Let k(i) = -5*g(i) - 8*r(i). Calculate k(2).
-8
Let s(t) = t**3 + 2*t**2 + 2*t - 1. Suppose -3*o + 6*o + 6 = 0. Calculate s(o).
-5
Let h(u) = 16*u + 1. Suppose -d + 4*o = 5*o + 3, 4*d - 24 = 5*o. Give h(d).
17
Suppose p - 4*t = 13, 3*t = -0*p - p - 15. Let j be -1*(-6)/9*3. Let v(w) = 2*w**2 + 1 - 5*w**j + 0*w**2 + w**2 - 4*w. What is v(p)?
-5
Let o be 6 - (-4 - -2)*-1. Let d(r) be the third derivative of r**6/120 - r**5/15 + r**3/2 - 2*r**2. Calculate d(o).
3
Let s be (5/2 + -3)*-4. Let m(u) = u**3 - 4 - s + 2 - 2*u - 3 + 6*u**2. Let f be m(-6). Let w(p) = p**3 - 6*p**2 + 7*p - 2. Determine w(f).
8
Suppose -u + 0 = -s - 2, -4 = -2*u + s. Let j(i) = -1 - 1 + u - 3*i - 1. Determine j(-1).
2
Let l = -1 + 3. Let r(t) = 3 - 2 + t + l. Let y be (-69)/12 + (-18)/(-24). What is r(y)?
-2
Let t(d) = 7*d**3 - 2*d**2 + 13*d - 13. Let f(b) = 3*b**3 - b**2 + 7*b - 7. Suppose 5*k + 1 = 2*o - 11, o - 13 = -k. Let u(j) = o*f(j) - 6*t(j). Determine u(1).
-8
Let s(y) = 2*y**3 - 3*y**2 + 3*y - 12. Let x(v) = 